ose 0 = -0*j + 3*j + 3*s + 12, 5*j - s - 10 = 0. Let o be u(j). Suppose -f + 86 = n, 3*f + f - o = -2*n. Is f prime?
True
Is (-87)/2*(-4)/(-18)*-21 a prime number?
False
Let d(a) = 1 - 2*a + 0 + 5*a + 3. Is d(10) a prime number?
False
Let a = 1 - -3. Suppose -a*b - 5*h - 2 = 0, b - 4*h + 0 = -11. Is 98/(-4)*(b - -1) a composite number?
True
Let c = -28 - -14. Let m = -8 - c. Is m a composite number?
True
Suppose 0 = 3*j - 0*j - 615. Is j a composite number?
True
Is 1 - (-646 + -2)/4 a prime number?
True
Let k be (-5624)/(-52) - (-4)/(-26). Suppose 4*w - k - 32 = 0. Is w a composite number?
True
Is (-1)/(-5) + (1 - (-15618)/10) a prime number?
False
Let m be 461/3 - (-4)/(-6). Suppose 6*n = 3*n + m. Is n a prime number?
False
Suppose -8 + 24 = -4*f. Let n = f - -4. Suppose -6 = -2*h - n. Is h composite?
False
Is (2 - 1)/(3/2343) composite?
True
Let s = 1401 + 222. Is s composite?
True
Let m(j) = 4*j**2 + 8*j - 7. Suppose 2*q - 21 = 5*q. Is m(q) prime?
False
Let a(l) = l + 8. Let i be a(-6). Suppose 0*z + i*z = 44. Is z a composite number?
True
Let p = -982 + 1425. Is p a composite number?
False
Suppose 2*t + 2 = 3*t. Suppose -5*f = -4*f + t*j - 87, 5*f - 451 = -2*j. Is f a prime number?
False
Suppose 61 - 443 = -2*q. Is q a prime number?
True
Is 0 + 2 + 387/6*6 a prime number?
True
Let z(h) = 1301*h**2 - h + 1. Let o be z(1). Let v = o - 904. Is v composite?
False
Let b be 14578/6 + (-1)/(-3). Suppose 0 = -4*m + b - 586. Is m/4 - 5/20 prime?
False
Let b be 68 - 2 - 6/(-3). Let n = b - -11. Is n prime?
True
Let u = 7 + -3. Let v = 124 - 87. Let f = v - u. Is f a prime number?
False
Suppose -3*x - 1473 = -5*t + x, 0 = 2*t + 3*x - 580. Let q = -196 + t. Is q a composite number?
False
Suppose 0 = l - 4*o - 615, 0 = 7*l - 2*l + 5*o - 3200. Is l prime?
False
Let v = 1 + -1. Suppose v = 4*r - 2*r + 50. Let l = r + 46. Is l composite?
True
Is (-49990)/(-14) + (-36)/(-126) prime?
True
Let o(w) = -w**2 - 48. Let d(s) = 2*s**2 + 95. Let j(p) = 4*d(p) + 7*o(p). Let b be j(0). Suppose -2*r - b = -136. Is r composite?
True
Let i be 1 + 2 + -2 + 7. Suppose -3*c - 3*h - 47 = -i, -2*c = -5*h + 5. Is (-10)/25 + (-64)/c composite?
True
Let b(v) = 42*v - 5 + 7 - 1. Suppose 4*c + 2*a - 14 = 0, -3*c = -3*a + a. Is b(c) a composite number?
True
Let f be 2/(-4) + 18/4. Suppose -5*y = 5*x - 45, 4*y + f*x = y + 29. Is y a composite number?
False
Let h = -29 + 33. Let c(i) = 5*i**2 + 8*i + 1. Let u(o) = 11*o**2 + 17*o + 3. Let n(r) = 5*c(r) - 2*u(r). Is n(h) a composite number?
False
Let u = 33 + 389. Let x = 135 + u. Is x a composite number?
False
Let q be (-9)/(-15) + 7/5. Suppose -b + 5*b - q*v = 858, 0 = b - v - 212. Is b composite?
True
Suppose 5 = -3*k - 1. Let f(r) = -13*r - 3. Is f(k) composite?
False
Let k be 427 - (1 + -1 + 2). Suppose 0*c - k = -5*c. Is c a composite number?
True
Let d = 5 + -13. Let p(y) = -y**3 - 7*y**2 + 8*y - 2. Let h be p(d). Is 23 - (-1 - -1 - h) prime?
False
Let g(w) = w**3 + 13*w**2 - 14*w + 4. Let p be g(-14). Suppose 0 = p*f - 1244 - 216. Is f composite?
True
Let t be (-86 - -3)*(-1)/1. Let o = t - -28. Is o a prime number?
False
Suppose 0 = z + 4*z. Let p(w) = w + 1. Let l be p(z). Is l/3 - 236/(-3) a composite number?
False
Let b(d) = -d**2 + 4*d - 1. Let v be b(3). Suppose -x + 2*x = v*q - 46, 2*x + 92 = -5*q. Let c = -27 - x. Is c composite?
False
Let k(q) = -q - 8. Let a be k(-7). Let g be 1/(-2) + a/(-2). Suppose 249 = -g*u + 3*u. Is u composite?
False
Let v = 9 - 7. Suppose -3*a + v*x + 13 = 0, -a + x + 3*x = -21. Let g(c) = 89*c. Is g(a) a prime number?
True
Let b(c) = 9*c**2 + 1. Let d be b(-4). Suppose 3*f - d = 848. Is f composite?
False
Let c be (-11)/2*1*-48. Is c/3 + -2 + 1 a prime number?
False
Suppose -p = -2*k + 2, -3*k + 4 = -2*p + 2. Is p - (-3)/(5 - 2) a composite number?
False
Let u(f) = 517*f**2 + 2*f - 6. Is u(5) composite?
True
Let o = 7 - 3. Let d be o/6*(-60)/4. Let r = d - -63. Is r a composite number?
False
Let i(p) be the second derivative of p**5/30 + p**4/24 + p**3/3 - p**2/2 - 2*p. Let k(a) be the first derivative of i(a). Is k(5) prime?
False
Let r = -61 - -96. Let d = 88 - r. Is d a composite number?
False
Suppose r + c - 415 = 0, r = -2*c + 5*c + 431. Is r a composite number?
False
Suppose -i + 1632 = -0*i + 5*x, -5*x - 3339 = -2*i. Is i composite?
False
Let r(g) = g**3 - 3*g**2 + 5*g + 5. Is r(6) a composite number?
True
Let f be (-2 + 0 + 2)/1. Let x be -2 + 6 + f + 2. Suppose x*l - l - 75 = 0. Is l composite?
True
Let l(a) = 7 + 6 + 10*a**2 + a + a + a**3 - 3*a**2. Is l(-6) composite?
False
Let o be (17 - 5)*(-3)/3. Is (-3)/o - 294/(-8) a composite number?
False
Suppose -b + 21 + 386 = 0. Is b composite?
True
Let n(i) = i**3 + i. Let p be n(1). Suppose 5*d + 3*j - 21 = 0, -3*d - j - p*j + 15 = 0. Suppose 31 = l + 3*z, 3*l - d*z - 66 = 27. Is l a composite number?
False
Let g = 1 - -5. Let l be -7*2 + -2 + 4/2. Is (l/g)/(2/(-42)) prime?
False
Let t be 28*((-117)/12 + 3). Let r = -56 - t. Is r a prime number?
False
Let p(u) = -6*u + 29. Is p(-10) a composite number?
False
Let h(p) = -2*p**3 + p**2 + 11*p - 4. Let w be h(-8). Suppose -3*u + w = 327. Suppose 3 = 2*n - u. Is n a prime number?
True
Suppose -2*p + 168 = -2*v, -3*v - 171 = -5*p + 247. Is p a prime number?
True
Let a(f) = 53*f - 4. Is a(13) composite?
True
Let j(r) = -r**2 + 5*r + 3. Let i be j(5). Suppose -2*k = -6*c + c, 5*k + i*c = 62. Is k composite?
True
Suppose 0 = 5*y - 18536 + 5811. Is y a prime number?
False
Let w = -8 + 3. Let q = -1 + w. Let u = 8 - q. Is u composite?
True
Is 4*-1 + (0 - -1697) composite?
False
Let l = -7 - -6. Suppose -h - 5*v + 26 = 0, -4*h + v - 1 = -0*v. Is h/(l/(-15) + 0) a composite number?
True
Suppose 4*d - 23 - 9 = 0. Let r(k) = k**3 - 7*k**2 + 5*k + 9. Is r(d) a composite number?
False
Let w be 1 + 1 - (1 + 0). Let y be ((-37)/7 + w)*-7. Suppose 0 = h - 67 - y. Is h a prime number?
True
Let s = -88 + 194. Let r = -11 - s. Let d = 206 + r. Is d a prime number?
True
Let u be (-4)/(-2)*16 - 0. Let r = 13 + -17. Is (-1)/(2/r) + u a prime number?
False
Let u be (-30)/(-9)*30/25. Suppose -40 = -4*m + 5*p, m - p - 2 = 7. Suppose -65 = -m*n - 3*c - u, -2*n = 4*c - 30. Is n a composite number?
False
Suppose -3*q = -2617 + 712. Is q a composite number?
True
Let r = -2 + 4. Suppose -2*i + u + 1213 = -103, -i - u = -658. Suppose -4*z = o - 523, 3*o + i = 3*z + r*z. Is z prime?
True
Suppose 0 = 3*s + 2*b - 775, -b = -4*s + 519 + 518. Is s a composite number?
True
Let u(g) = -g**3 - 4*g**2 + 3*g - 7. Let i be -9 - -7 - 1*3. Let j be u(i). Suppose j*c = -3*f + 1113, 0 = 4*c + 4*f - 5*f - 1484. Is c a composite number?
True
Let c(n) be the first derivative of n**5/120 + 3*n**4/8 - n**3/3 - 3. Let q(f) be the third derivative of c(f). Is q(0) a composite number?
True
Let s = 17 + 31. Let c = s + -13. Is c prime?
False
Suppose 0 = -b - w + 8, w - 5 = -0. Suppose -b*p = -5*p + 4. Suppose 0 = p*d - 15 + 3. Is d prime?
False
Let a(m) = m**3 + m**2 + 11*m + 16. Is a(7) a composite number?
True
Let c(p) = p**3 + 32*p**2 - 18*p - 45. Is c(-28) a composite number?
True
Suppose -3*b = -3, 5 = -h + 4*b + 3. Is 17/5 + h/(-5) prime?
True
Suppose -9 = -5*i + 3*h, 2*i - 6 = -2*i + 2*h. Suppose 4*v - 764 = -i*v. Is v composite?
False
Let x(a) = 6 - 5*a + 0*a - 3*a. Suppose -2*n + 10 = 0, -2*v - 5*n - 10 = 3*v. Is x(v) prime?
False
Suppose 4*b = -2*f - 30 - 2, 69 = -4*f - 3*b. Let c be (-2667)/(-27) + (-4)/f. Suppose -2*x = -5*x + c. Is x a composite number?
True
Let x(w) = -3 + 3*w**2 - w**3 + 4*w + 2*w**2 + 2*w**2. Is x(7) prime?
False
Let a(i) be the second derivative of -3/2*i**2 + 0 - 3*i - 7/6*i**3 - 1/20*i**5 - 1/2*i**4. Is a(-6) a composite number?
True
Suppose x - 22 - 124 = 0. Is x composite?
True
Let a(z) = 13*z. Let m be a(-6). Let d = m - -161. Is d prime?
True
Let b(t) = 520*t**3 - 3*t**2 + 3*t - 1. Is b(1) a prime number?
False
Suppose 11*g - 2039 = 10*g. Is g prime?
True
Suppose -2*k - 3 = -t + 1, -4*t = 5*k - 3. Let r = -1 + k. Is r/(-6) + 68/3 prime?
True
Let h(w) = 6*w**3 - 2*w**2 - 2*w + 1. Let q be h(2). Suppose q = -5*y - 8. Is (6/y)/(1/(-57)) a prime number?
False
Is (-1396)/(-6) + (5 - -2)/21 a composite number?
False
Let h(a) = 6*a**3 + a + 1. Let k be h(-1). Is (-94)/4*k/3 a composite number?
False
Supp